prime factors of 167979026.
2, 653, 128621
List the prime factors of 45333169.
7, 17, 380951
What are the prime factors of 13023043?
11, 1183913
List the prime factors of 33235817.
33235817
What are the prime factors of 22173013?
883, 25111
What are the prime factors of 193709410?
2, 5, 43, 450487
What are the prime factors of 80670108?
2, 3, 23, 292283
What are the prime factors of 373457404?
2, 93364351
What are the prime factors of 21234921?
3, 17, 233, 1787
What are the prime factors of 30491818?
2, 7, 29, 10729
List the prime factors of 16567175.
5, 31, 21377
List the prime factors of 2687782900.
2, 5, 11, 2443439
What are the prime factors of 20247496?
2, 43, 71, 829
What are the prime factors of 99557878?
2, 7, 7111277
List the prime factors of 13277175.
3, 5, 211, 839
What are the prime factors of 3294441144?
2, 3, 2399, 19073
List the prime factors of 38832611.
38832611
What are the prime factors of 54601618?
2, 127, 214967
List the prime factors of 22596210.
2, 3, 5, 7, 13, 31, 89
What are the prime factors of 181000640?
2, 5, 241, 2347
What are the prime factors of 72893423?
109, 668747
List the prime factors of 1637910636.
2, 3, 73, 1869761
List the prime factors of 1148374345.
5, 19, 12088151
What are the prime factors of 20005911?
3, 29, 76651
What are the prime factors of 2662277798?
2, 37, 5737, 6271
List the prime factors of 1278648508.
2, 319662127
What are the prime factors of 298905547?
601, 673, 739
List the prime factors of 226111318.
2, 29, 163, 23917
What are the prime factors of 62517633?
3, 67, 311033
List the prime factors of 641271541.
15569, 41189
What are the prime factors of 1370388902?
2, 21163, 32377
List the prime factors of 2295701094.
2, 3, 31, 283, 43613
What are the prime factors of 904297505?
5, 180859501
What are the prime factors of 3917972271?
3, 1305990757
List the prime factors of 140260112.
2, 1559, 5623
What are the prime factors of 263253694?
2, 11, 487, 24571
What are the prime factors of 105730957?
105730957
List the prime factors of 112275456.
2, 3, 9137
What are the prime factors of 119306406?
2, 3, 29, 685669
List the prime factors of 1644924737.
1644924737
List the prime factors of 26306058.
2, 3, 4384343
What are the prime factors of 1441020019?
37, 61, 638467
What are the prime factors of 36238940?
2, 5, 821, 2207
List the prime factors of 68318050.
2, 5, 23, 59407
What are the prime factors of 90118678?
2, 13, 3466103
List the prime factors of 18671060.
2, 5, 933553
What are the prime factors of 665205086?
2, 7, 13, 19, 27481
What are the prime factors of 64556798?
2, 97, 332767
List the prime factors of 275882908.
2, 7, 9852961
List the prime factors of 20057649.
3, 461, 14503
List the prime factors of 2275068145.
5, 7, 31, 2096837
List the prime factors of 716404997.
7, 11, 9303961
What are the prime factors of 142473336?
2, 3, 89, 66701
List the prime factors of 90367421.
90367421
What are the prime factors of 2602374293?
113, 311, 74051
What are the prime factors of 71637300?
2, 3, 5, 7, 83, 137
What are the prime factors of 213632661?
3, 11, 421, 15377
List the prime factors of 457314146.
2, 2971, 76963
What are the prime factors of 310372727?
7, 1217, 36433
What are the prime factors of 47596019?
47596019
What are the prime factors of 266167127?
97, 2743991
List the prime factors of 1956353632.
2, 113, 541027
List the prime factors of 1924797641.
13, 19, 67, 107, 1087
List the prime factors of 37084659.
3, 131, 197, 479
What are the prime factors of 80092371?
3, 23, 47, 24697
List the prime factors of 2444075.
5, 59, 1657
List the prime factors of 438428566.
2, 219214283
What are the prime factors of 5235171960?
2, 3, 5, 1301, 33533
List the prime factors of 4677955174.
2, 97, 4729, 5099
What are the prime factors of 20939446?
2, 11, 31, 30703
What are the prime factors of 1253858100?
2, 3, 5, 11, 53, 67, 107
List the prime factors of 2279291213.
31, 1373, 53551
What are the prime factors of 74697852?
2, 3, 29, 47, 4567
What are the prime factors of 94713463?
13, 31, 197, 1193
List the prime factors of 230452380.
2, 3, 5, 1280291
List the prime factors of 3672338811.
3, 97, 12619721
List the prime factors of 296509243.
5381, 55103
What are the prime factors of 38858342?
2, 61, 233, 1367
List the prime factors of 349720606.
2, 53, 3299251
List the prime factors of 4855116474.
2, 3, 13, 19, 1092019
What are the prime factors of 548625865?
5, 109725173
List the prime factors of 94270371.
3, 13, 1129, 2141
What are the prime factors of 4037941120?
2, 5, 59, 106937
What are the prime factors of 90977448?
2, 3, 1493, 2539
List the prime factors of 376550469.
3, 41838941
What are the prime factors of 52697344?
2, 7, 4201
What are the prime factors of 20943357?
3, 199, 35081
What are the prime factors of 1486728296?
2, 185841037
List the prime factors of 18211614.
2, 3, 19, 107, 1493
List the prime factors of 492703310.
2, 5, 11, 4479121
List the prime factors of 337194222.
2, 3, 877, 64081
What are the prime factors of 1821139014?
2, 3, 303523169
List the prime factors of 4280855786.
2, 47, 107, 379, 1123
What are the prime factors of 5724164?
2, 97, 14753
List the prime factors of 51326434.
2, 17, 43, 35107
List the prime factors of 3523571204.
2, 19, 23, 107, 18839
List the prime factors of 349464950.
2, 5, 829, 8431
List the prime factors of 340312666.
2, 97, 1754189
What are the prime factors of 2302552334?
2, 1151276167
List the prime factors of 1634195664.
2, 3, 11348581
What are the prime factors of 638827430?
2, 5, 63882743
What are the prime factors of 4181648?
2, 261353
What are the prime factors of 901466629?
7, 7411, 17377
What are the prime factors of 111730024?
2, 7, 233, 8563
List the prime factors of 689795090.
2, 5, 68979509
List the prime factors of 7225916.
2, 1806479
List the prime factors of 10043609.
19, 528611
What are the prime factors of 4085386469?
4085386469
List the prime factors of 68176688.
2, 31, 137453
List the prime factors of 4594486153.
29, 158430557
List the prime factors of 72912031.
17, 31, 4463
What are the prime factors of 1888975921?
7, 4049, 9521
What are the prime factors of 490299020?
2, 5, 71, 449, 769
What are the prime factors of 24386092?
2, 17, 61, 5879
List the prime factors of 2738833031.
11, 23, 431, 25117
What are the prime factors of 334076811?
3, 37, 3009701
What are the prime factors of 427668714?
2, 3, 11, 719981
List the prime factors of 771267352.
2, 31, 59, 52711
List the prime factors of 2875423027.
17, 3461, 48871
What are the prime factors of 1327432000?
2, 5, 73, 2273
What are the prime factors of 91897083?
3, 10210787
List the prime factors of 63863141.
63863141
What are the prime factors of 58862963?
431, 136573
What are the prime factors of 70075570?
2, 5, 241, 29077
What are the prime factors of 56507744?
2, 1217, 1451
What are the prime factors of 4116422?
2, 2058211
What are the prime factors of 113059160?
2, 5, 109, 25931
List the prime factors of 160941067.
7, 83, 277007
List the prime factors of 769763003.
769763003
List the prime factors of 6183692660.
2, 5, 309184633
List the prime factors of 1121082955.
5, 139, 1613069
What are the prime factors of 11670435?
3, 5, 7, 37049
What are the prime factors of 11069807?
7, 67, 23603
What are the prime factors of 953767610?
2, 5, 89, 12041
List the prime factors of 18775900.
2, 5, 11, 13, 101
List the prime factors of 43402335.
3, 5, 2893489
List the prime factors of 1098875728.
2, 37, 577, 3217
List the prime factors of 4784186165.
5, 11, 47, 1850749
List the prime factors of 1414687613.
1414687613
What are the prime factors of 9415282?
2, 4707641
What are the prime factors of 1459412074?
2, 83, 8791639
What are the prime factors of 57763186?
2, 13, 29, 71, 83
What are the prime factors of 240236260?
2, 5, 11, 1091983
What are the prime factors of 602274997?
17, 263, 134707
What are the prime factors of 407787310?
2, 5, 7, 19, 43801
What are the prime factors of 126186125?
5, 13, 19, 61, 67
List the prime factors of 161509521.
3, 139, 387313
List the prime factors of 181463472.
2, 3, 1260163
List the prime factors of 61495273.
7, 17, 73, 7079
What are the prime factors of 1103622385?
5, 220724477
List the prime factors of 73285739.
67, 263, 4159
List the prime factors